{"id":6,"date":"2012-04-20T23:06:08","date_gmt":"2012-04-20T21:06:08","guid":{"rendered":"http:\/\/amimpianticn.com\/www\/?page_id=6"},"modified":"2023-05-29T21:57:04","modified_gmt":"2023-05-29T19:57:04","slug":"antifurti","status":"publish","type":"page","link":"https:\/\/amimpianticn.com\/www\/antifurti\/","title":{"rendered":"Antifurti"},"content":{"rendered":"<div style=\"width: 90%;\">\n<h3><a name=\"propest\"><\/a>La protezione perimetrale esterna<\/h3>\n<p>Gli impianti antifurto perimetrali sono progettati per impedire l\u2019ingresso e, in taluni casi, anche il solo avvicinamento all\u2019area protetta.<br \/>\n<a title=\"Barriere infrarosso da serramento\" href=\"https:\/\/amimpianticn.com\/images\/antifurto\/afpe_bif.jpg\" rel=\"lightbox[antifurto]\"><img decoding=\"async\" class=\"alignleft\" style=\"margin-top: 10px;\" src=\"https:\/\/amimpianticn.com\/images\/antifurto\/afpe_bif.jpg\" alt=\"Barriere infrarosso da serramento\" width=\"400\"><\/a>Sono molto adatti soprattutto alla protezione di edifici isolati come case coloniche, ville, condomini, capannoni industriali, eventualmente circondati da terreni (giardini, prati, parchi di propriet\u00e0). Lo scopo dell\u2019antifurto perimetrale e di una protezione esterna \u00e8 quello di impedire una penetrazione di soggetti indesiderati nell\u2019ambito della zona protetta, mediante sistemi fisici o elettronici in grado di segnalare il pericolo sia agli abitanti dell\u2019edificio sia all\u2019esterno (polizia, Istituti di Vigilanza).<br \/>\nQuesto tipo di protezione salvaguardia soprattutto l\u2019incolumit\u00e0 fisica e psicologica degli abitanti della zona protetta. Specifichiamo per\u00f2, come da sola non risulta sufficiente a preservare i beni contenuti nell\u2019abitazione, in quanto l\u2019intruso, una volta penetrato ed elusi i sistemi di protezione esterni, non incontrerebbe altri ostacoli.<br \/>\nTra gli antifurto perimetrali, i pi\u00f9 utilizzati sono quelli che prevedono la barriera a infrarossi attivi costituita da raggi fotoelettrici tra trasmettitore e ricevitore (mimetizzati ed eventualmente disposti su apposite colonne): essi permettono di creare una barriera ideale che circonda la zona da proteggere. L\u2019allarme viene determinato dall\u2019interruzione di questa rete invisibile.<br \/>\nMa \u00e8 molto diffusa anche la barriera a microonde che consiste in una fascia invisibile di protezione che pu\u00f2 essere immaginata della forma di un grosso sigaro (3-4 metri di diametro) che si genera tra un trasmettitore e un ricevitore, contornando la zona protetta.<br \/>\nAnche in questo caso l\u2019attraversamento della fascia genera l\u2019allarme.<\/p>\n<p><a title=\"Barriere infrarosso\" href=\"https:\/\/amimpianticn.com\/images\/antifurto\/afpe_bir.jpg\" rel=\"lightbox[antifurto]\"><img decoding=\"async\" src=\"https:\/\/amimpianticn.com\/images\/antifurto\/afpe_bir.jpg\" alt=\"Barriere infrarosso\" width=\"150\"><\/a> &nbsp; <a title=\"Sensore da serramento\" href=\"https:\/\/amimpianticn.com\/images\/antifurto\/afpe_sse.jpg\" rel=\"lightbox[antifurto]\"><img decoding=\"async\" src=\"https:\/\/amimpianticn.com\/images\/antifurto\/afpe_sse.jpg\" alt=\"Sensore da serramento\" width=\"150\"><\/a> &nbsp; <a title=\"Sensori da esterno\" href=\"https:\/\/amimpianticn.com\/images\/antifurto\/afpe_ses.jpg\" rel=\"lightbox[antifurto]\"><img decoding=\"async\" src=\"https:\/\/amimpianticn.com\/images\/antifurto\/afpe_ses.jpg\" alt=\"Sensori da esterno\" width=\"150\"><\/a> &nbsp; <a title=\"Barriere microonda da esterno\" href=\"https:\/\/amimpianticn.com\/images\/antifurto\/afpe_bme.jpg\" rel=\"lightbox[antifurto]\"><img decoding=\"async\" src=\"https:\/\/amimpianticn.com\/images\/antifurto\/afpe_bme.jpg\" alt=\"Barriere microonda da esterno\" width=\"150\"><\/a><\/p>\n<p><strong><a name=\"rivantiac\"><\/a>Rivelatore da esterno con dispositivo antiaccecamento<\/strong><br \/>\nSIR10 \u00e8 il rivelatore da esterno con dispositivo antiaccecamento affidabile che espande le possibilit\u00e0 di protezione perimetrali.<br \/>\n<a title=\"Rivelatore da esterno con dispositivo antiaccecamento\" href=\"https:\/\/amimpianticn.com\/images\/antifurto\/afpe_sir.jpg\" rel=\"lightbox[antifurto]\"><img decoding=\"async\" class=\"alignleft\" style=\"margin-top: 10px;\" src=\"https:\/\/amimpianticn.com\/images\/antifurto\/afpe_sir.jpg\" alt=\"Rivelatore da esterno con dispositivo antiaccecamento\" width=\"400\"><\/a>L&#8217;innovativo metodo TriWatcher permette la realizzazione di protezioni da esterno affidabili e sicure discriminando ed eliminando le cause di falso allarme.<br \/>\nE&#8217; dotato di Lente di Fresnel sferica, che favorisce l&#8217;immunit\u00e0 ai raggi luminosi.<br \/>\nE&#8217; selezionabile su due tipologie di protezione: copertura volumetrica e con esclusione animali, senza dover cambiare alcuna lente.<br \/>\nLe caratteristiche strutturali e l&#8217;immunit\u00e0 alle interferenze &#8211; tipiche dei sensori a microonda e\/o doppia tecnologia o delle barriere a IR attivi &#8211; rendono SIR10 un rivelatore adatto a molteplici situazioni.<br \/>\nInfine, grazie alla base con cablaggi e morsettiera separata, \u00e8 di semplice installazione.<br \/>\nNon \u00e8 necessario aprire il rivelatore per settaggi e tarature e la regolazione orizzontale permette di installarlo senza l&#8217;ausilio di alcun snodo opzionale.<br \/>\nSIR10 \u00e8 un prodotto di ATSUMI &#8211; azienda giapponese che opera con successo nel mercato antintrusione da esterno dal 1974.<\/p>\n<h3><a name=\"propint\"><\/a>La protezione perimetrale interna<\/h3>\n<p>Costituisce il sistema pi\u00f9 ampiamente applicato, e da pi\u00f9 tempo, anche perch\u00e9 non comporta in generale costi elevati, n\u00e9 interventi radicali sulle strutture.<br \/>\n<a title=\"Trasmettitore via radio\" href=\"https:\/\/amimpianticn.com\/images\/antifurto\/afpi_tvr.jpg\" rel=\"lightbox[antifurto]\"><img decoding=\"async\" class=\"alignleft\" style=\"margin-top: 10px;\" src=\"https:\/\/amimpianticn.com\/images\/antifurto\/afpi_tvr.jpg\" alt=\"Trasmettitore via radio\" width=\"400\"><\/a>Il suo scopo \u00e8 quello di impedire l\u2019ingresso di intrusi nell\u2019area interna protetta (edificio, alloggio, locali di lavoro, etc.) o in un ambiente circoscritto (armadi, archivi, casseforti, etc.).<br \/>\nL\u2019antifurto perimetrale prevede rilevatori applicati a porte e finestre che rappresentano i microcontatti, o rilevatori d prossimit\u00e0: si tratta di elementi magnetici o elettromagnetici che scattano quando si verifica un allontanamento delle due parti di cui sono composte, creando una situazione di allarme: questi rilevatori riescono a rivelare la presenza dell\u2019intruso nell\u2019atto dell\u2019apertura, ma possono essere soggetti a possibili manipolazioni da parte di persone specializzate. Costituiscono quindi un valido ma non esclusivo elemento del sistema di allarme, ma da soli non possono essere l\u2019unico dispositivo opposto ai malviventi.<br \/>\nLa barriera ad infrarossi attivi \u00e8 costituita da raggi che attraversano il passaggio obbligato generando, se interrotti in un qualche punto, un\u2019immediata segnalazione di allarme.<br \/>\nLa gamma dei sensori per pareti, vetrate, porte e finestre comprende il sensore sismico, costituito da microfoni selettivi che avvertono rumori e vibrazioni anche impercettibili e inviano un segnale di allarme e dai rivelatori di rottura vetri, costituiti da microfoni che percepiscono le frequenze ultrasoniche, create dallo sfondamento del vetro.<\/p>\n<p><a title=\"Contatto a filo\" href=\"https:\/\/amimpianticn.com\/images\/antifurto\/afpi_cfi.jpg\" rel=\"lightbox[antifurto]\"><img decoding=\"async\" src=\"https:\/\/amimpianticn.com\/images\/antifurto\/afpi_cfi.jpg\" alt=\"Contatto a filo\" width=\"150\"><\/a> &nbsp; <a title=\"Contatti per protezioni perimetrali\" href=\"https:\/\/amimpianticn.com\/images\/antifurto\/afpi_cma.jpg\" rel=\"lightbox[antifurto]\"><img decoding=\"async\" src=\"https:\/\/amimpianticn.com\/images\/antifurto\/afpi_cma.jpg\" alt=\"Contatti per protezioni perimetrali\" width=\"150\"><\/a> &nbsp; <a title=\"Trasmettitori via radio\" href=\"https:\/\/amimpianticn.com\/images\/antifurto\/afpi_tv1.jpg\" rel=\"lightbox[antifurto]\"><img decoding=\"async\" src=\"https:\/\/amimpianticn.com\/images\/antifurto\/afpi_tv1.jpg\" alt=\"Trasmettitori via radio\" width=\"150\"><\/a> &nbsp; <a title=\"Ricevitore via radio\" href=\"https:\/\/amimpianticn.com\/images\/antifurto\/afpi_rvr.jpg\" rel=\"lightbox[antifurto]\"><img decoding=\"async\" src=\"https:\/\/amimpianticn.com\/images\/antifurto\/afpi_rvr.jpg\" alt=\"Ricevitore via radio\" width=\"150\"><\/a><\/p>\n<h3>Sensori<\/h3>\n<p>Sono dispositivi che individuano il verificarsi del fatto non desiderato, per esempio l\u2019apertura di una porta o di una finestra, l\u2019ingresso di una persona in un determinato spazio o lo spostamento di un oggetto.<br \/>\n<a title=\"Sensori a doppia tecnologia antimascheramento\" href=\"https:\/\/amimpianticn.com\/images\/antifurto\/afvm_sd1.jpg\" rel=\"lightbox[antifurto]\"><img decoding=\"async\" class=\"alignleft\" style=\"margin-top: 10px;\" src=\"https:\/\/amimpianticn.com\/images\/antifurto\/afvm_sd1.jpg\" alt=\"Sensori a doppia tecnologia antimascheramento\" width=\"400\"><\/a>I sensori possono essere volumetrici o perimetrali.<br \/>\nI sensori volumetrici sono apparecchi che controllano gli spazi interni (stanze, corridoi ecc) attraverso l\u2019emissione di micro-onde che riconoscono i movimenti oppure tramite la ricezione di infrarossi emessi dal corpo umano in un volume di 5-6 metri di profondit\u00e0 per 2-3 di larghezza ed altrettanti di altezza.<br \/>\nI sensori pi\u00f9 evoluti abbinano entrambe le tecnologie per selezionare con maggior sicurezza il \u201cfatto\u201d da segnalare.<br \/>\nI sensori perimetrali possono essere contatti magnetici da applicare su porte, finestre, serrande, cancelli ecc, che generano allarme quando vengono aperti; oppure barriere a micro-onde convogliate, cavi e pedane interrate ecc per proteggere aree esterne (giardini, cortili, terrazzi, balconi).<\/p>\n<p><a title=\"Sensore a doppia tecnologia antimascheramento\" href=\"https:\/\/amimpianticn.com\/images\/antifurto\/afvm_sd4.jpg\" rel=\"lightbox[antifurto]\"><img decoding=\"async\" src=\"https:\/\/amimpianticn.com\/images\/antifurto\/afvm_sd4.jpg\" alt=\"Sensori infrarosso da interno\" width=\"150\"><\/a> &nbsp; <a title=\"Contatto a filo\" href=\"https:\/\/amimpianticn.com\/images\/antifurto\/afvm_sii.jpg\" rel=\"lightbox[antifurto]\"><img decoding=\"async\" src=\"https:\/\/amimpianticn.com\/images\/antifurto\/afvm_sii.jpg\" alt=\"Sensori infrarosso da interno\" width=\"150\"><\/a><\/p>\n<h3>Sirene<\/h3>\n<p>L&#8217;impianto antifurto che rileva un tentativo d&#8217;intrusione, se inserito, attiva gli avvisatori acustici: le sirene.<br \/>\nAlcune sirene dispongono di un lampeggiante, per segnalare in modo visivo l&#8217;attivazione dell&#8217;antifurto.<br \/>\nLa sirena da esterno autoalimentata dispone di una batteria ricaricabile, alloggiata all&#8217;interno dell&#8217;involucro che &#8211; in caso d&#8217;allarme &#8211; eroga l&#8217;alimentazione necessaria per azionare il circuito dell&#8217;altoparlante.<br \/>\n<a title=\"Sirena autoalimentata da esterno con dispositivo antischiuma\" href=\"https:\/\/amimpianticn.com\/images\/antifurto\/afsi_ses.jpg\" rel=\"lightbox[antifurto]\"><img decoding=\"async\" class=\"alignleft\" style=\"margin-top: 10px;\" src=\"https:\/\/amimpianticn.com\/images\/antifurto\/afsi_ses.jpg\" alt=\"Sirena autoalimentata da esterno con dispositivo antischiuma\" width=\"400\"><\/a><br \/>\n<strong>Protezione antischiuma<\/strong> &#8211; I malintenzionati, per neutralizzare il suono delle sirene esterne, introducono schiume o liquidi nelle feritoie dell&#8217;involucro.<br \/>\nUn controllo antischiuma prevede una barriera ad infrarosso attivo all&#8217;interno del sottocoperchio, che rileva il tentativo di manomissione comunicandolo alla centrale d&#8217;allarme oppure facendo suonare il cono della sirena.<\/p>\n<p>Le sirene da esterno, ed alcuni modelli di sirene da interno, possono essere autoalimentate, o meglio, disporre di una batteria interna da cui attingono energia in caso d&#8217;attivazione senza gravare sull&#8217;alimentazione della centrale d&#8217;allarme.<br \/>\nLe sirene esterne sono fissate nella parte meno accessibile della facciata, generalmente nel sottotetto oppure sotto il davanzale della finestra.<br \/>\nLe sirene da esterno autoalimentate hanno la batteria tampone sempre in carica per mezzo dell&#8217;alimentazione costante fornita dalla centrale d&#8217;allarme.<br \/>\nLa sirena da esterno si attiva nei seguenti casi:<br \/>\n&#8211; Attraverso il comando d&#8217;attivazione proveniente dalla centrale antifurto: Tentativo d&#8217;intrusione.<br \/>\n&#8211; Taglio dei cavi di collegamento con la centrale: Tentativo di manomissione.<br \/>\n&#8211; Apertura dell&#8217;involucro e\/o sradicamento della sirena: Tentativo di sabotaggio.<\/p>\n<h3>Avvisatori telefonici<\/h3>\n<p><a title=\"Avvisatore telefonico GSM\" href=\"https:\/\/amimpianticn.com\/images\/antifurto\/afsi_avt.jpg\" rel=\"lightbox[antifurto]\"><img decoding=\"async\" class=\"alignleft\" style=\"margin-top: 10px;\" src=\"https:\/\/amimpianticn.com\/images\/antifurto\/afsi_avt.jpg\" alt=\"Avvisatore telefonico GSM\" width=\"400\"><\/a><br \/>\nI Combinatori telefonici svolgono la funzione d&#8217;informare il proprietario del sistema di sicurezza, attraverso la linea telefonica, del tentativo d&#8217;intrusione in corso riproducendo il messaggio d&#8217;allarme pre-registrato.<br \/>\nIl Comunicatore telefonico digitale \u00e8 un modem in grado di trasmettere qualsiasi evento occorso ad un ricevitore digitale, presente in una Centrale di Sorveglianza; permette di usufruire del servizio di Telesorveglianza, Teleassistenza, Telegestione.<\/p>\n<p><a title=\"Interfaccia GSM\" href=\"https:\/\/amimpianticn.com\/images\/antifurto\/afsi_igs.jpg\" rel=\"lightbox[antifurto]\"><img decoding=\"async\" class=\"alignleft\" style=\"margin-top: 10px;\" src=\"https:\/\/amimpianticn.com\/images\/antifurto\/afsi_igs.jpg\" alt=\"Interfaccia GSM\" width=\"300\"><\/a>La trasmissione dell&#8217;evento, per entrambe le apparecchiature, avviene per mezzo di una linea telefonica a rete fissa (PSTN) oppure cellulare (GSM).<br \/>\nLa Telegestione e la Teleassistenza sono due tipi di servizi offerti dalle societ\u00e0 d&#8217;installazione.<br \/>\nLa Telesorveglianza e la Televigilanza sono servizi forniti da Centrali di sorveglianza che dispongono di personale presente 24h su 24, in grado d&#8217;interpretare il tipo di evento inviato dall&#8217;antifurto e d&#8217;intervenire tempestivamente in caso di furto.<br \/>\nSolo le centrali con comunicatore digitale possono usufruire dei servizi di telesorveglianza, teleassistenza e di telegestione.<\/p>\n<h3>Centralina<\/h3>\n<p><a title=\"Centrale di rilevazione intrusione e Chiave di prossimit\u00e0\" href=\"https:\/\/amimpianticn.com\/images\/antifurto\/afva_tcp.jpg\" rel=\"lightbox[antifurto]\"><img decoding=\"async\" class=\"alignleft\" style=\"margin-top: 10px;\" src=\"https:\/\/amimpianticn.com\/images\/antifurto\/afva_tcp.jpg\" alt=\"Centrale di rilevazione intrusione e Chiave di prossimit\u00e0\" width=\"300\"><\/a>\u00c8 il cuore ed il cervello di un impianto di allarme.<br \/>\nGestisce i sensori collegati, verificando costantemente il loro funzionamento, riceve le istruzioni dal proprietario e, quando un sensore segnala un\u2019anomalia, genera l\u2019allarme facendo suonare le sirene ed inviando messaggi direttamente al proprietario tramite sms o all\u2019istituto di vigilanza.<br \/>\nMemorizza tutti gli eventi e pu\u00f2 fungere da interfaccia per ricevere comandi da distante, anche per gestire sistemi diversi (per esempio il condizionatore d\u2019estate ed il riscaldamento d\u2019inverno).<\/p>\n<p><a title=\"Tastiera grande\" href=\"https:\/\/amimpianticn.com\/images\/antifurto\/afva_tgg.jpg\" rel=\"lightbox[antifurto]\"><img decoding=\"async\" src=\"https:\/\/amimpianticn.com\/images\/antifurto\/afva_tgg.jpg\" alt=\"Tastiera grande\" width=\"150\"><\/a> &nbsp; <a title=\"Tastiera grigia\" href=\"https:\/\/amimpianticn.com\/images\/antifurto\/afva_tgr.jpg\" rel=\"lightbox[antifurto]\"><img decoding=\"async\" src=\"https:\/\/amimpianticn.com\/images\/antifurto\/afva_tgr.jpg\" alt=\"Tastiera grigia\" width=\"150\"><\/a> &nbsp; <a title=\"Tastiera bianca\" href=\"https:\/\/amimpianticn.com\/images\/antifurto\/afva_tbi.jpg\" rel=\"lightbox[antifurto]\"><img decoding=\"async\" src=\"https:\/\/amimpianticn.com\/images\/antifurto\/afva_tbi.jpg\" alt=\"Tastiera bianca\" width=\"150\"><\/a> &nbsp; <a title=\"Batteria 7Ah\" href=\"https:\/\/amimpianticn.com\/images\/antifurto\/afva_b7a.jpg\" rel=\"lightbox[antifurto]\"><img decoding=\"async\" src=\"https:\/\/amimpianticn.com\/images\/antifurto\/afva_b7a.jpg\" alt=\"Batteria 7Ah\" width=\"150\"><\/a> &nbsp; <a title=\"Batteria 2Ah per sirena\" href=\"https:\/\/amimpianticn.com\/images\/antifurto\/afva_b2a.jpg\" rel=\"lightbox[antifurto]\"><img decoding=\"async\" src=\"https:\/\/amimpianticn.com\/images\/antifurto\/afva_b2a.jpg\" alt=\"Batteria 2Ah per sirena\" width=\"150\"><\/a> &nbsp; <a title=\"Attivatore\" href=\"https:\/\/amimpianticn.com\/images\/antifurto\/afva_att.jpg\" rel=\"lightbox[antifurto]\"><img decoding=\"async\" src=\"https:\/\/amimpianticn.com\/images\/antifurto\/afva_att.jpg\" alt=\"Attivatore\" width=\"150\"><\/a><\/p>\n<p><small>Clic su foto per ingrandire. Passare su foto per navigare. Clic fuori dalla foto per uscire.<\/small><\/p>\n<\/div>\n","protected":false},"excerpt":{"rendered":"<p>La protezione perimetrale esterna Gli impianti antifurto perimetrali sono progettati per impedire l\u2019ingresso e, in taluni casi, anche il solo avvicinamento all\u2019area protetta. Sono molto adatti soprattutto alla protezione di edifici isolati come case coloniche, ville, condomini, capannoni industriali, eventualmente circondati da terreni (giardini, prati, parchi di propriet\u00e0). Lo scopo dell\u2019antifurto perimetrale e di una&hellip; <br \/> <a class=\"button small blue\" href=\"https:\/\/amimpianticn.com\/www\/antifurti\/\">Leggi tutto<\/a><\/p>\n","protected":false},"author":1,"featured_media":0,"parent":0,"menu_order":1,"comment_status":"closed","ping_status":"closed","template":"page_sidebar.php","meta":{"footnotes":"","_links_to":"","_links_to_target":""},"class_list":["post-6","page","type-page","status-publish","hentry"],"yoast_head":"<!-- This site is optimized with the Yoast SEO plugin v25.0 - https:\/\/yoast.com\/wordpress\/plugins\/seo\/ -->\n<title>Antifurti - AM Impianti, Caraglio (Cuneo)<\/title>\n<meta name=\"robots\" content=\"index, follow, max-snippet:-1, max-image-preview:large, max-video-preview:-1\" \/>\n<link rel=\"canonical\" href=\"https:\/\/amimpianticn.com\/www\/antifurti\/\" \/>\n<meta property=\"og:locale\" content=\"it_IT\" \/>\n<meta property=\"og:type\" content=\"article\" \/>\n<meta property=\"og:title\" content=\"Antifurti - AM Impianti, Caraglio (Cuneo)\" \/>\n<meta property=\"og:description\" content=\"La protezione perimetrale esterna Gli impianti antifurto perimetrali sono progettati per impedire l\u2019ingresso e, in taluni casi, anche il solo avvicinamento all\u2019area protetta. Sono molto adatti soprattutto alla protezione di edifici isolati come case coloniche, ville, condomini, capannoni industriali, eventualmente circondati da terreni (giardini, prati, parchi di propriet\u00e0). Lo scopo dell\u2019antifurto perimetrale e di una&hellip; Leggi tutto\" \/>\n<meta property=\"og:url\" content=\"https:\/\/amimpianticn.com\/www\/antifurti\/\" \/>\n<meta property=\"og:site_name\" content=\"AM Impianti, Caraglio (Cuneo)\" \/>\n<meta property=\"article:modified_time\" content=\"2023-05-29T19:57:04+00:00\" \/>\n<meta property=\"og:image\" content=\"https:\/\/amimpianticn.com\/images\/antifurto\/afpe_bif.jpg\" \/>\n<meta name=\"twitter:card\" content=\"summary_large_image\" \/>\n<meta name=\"twitter:label1\" content=\"Tempo di lettura stimato\" \/>\n\t<meta name=\"twitter:data1\" content=\"6 minuti\" \/>\n<script type=\"application\/ld+json\" class=\"yoast-schema-graph\">{\"@context\":\"https:\/\/schema.org\",\"@graph\":[{\"@type\":\"WebPage\",\"@id\":\"https:\/\/amimpianticn.com\/www\/antifurti\/\",\"url\":\"https:\/\/amimpianticn.com\/www\/antifurti\/\",\"name\":\"Antifurti - AM Impianti, Caraglio (Cuneo)\",\"isPartOf\":{\"@id\":\"https:\/\/amimpianticn.com\/www\/#website\"},\"primaryImageOfPage\":{\"@id\":\"https:\/\/amimpianticn.com\/www\/antifurti\/#primaryimage\"},\"image\":{\"@id\":\"https:\/\/amimpianticn.com\/www\/antifurti\/#primaryimage\"},\"thumbnailUrl\":\"https:\/\/amimpianticn.com\/images\/antifurto\/afpe_bif.jpg\",\"datePublished\":\"2012-04-20T21:06:08+00:00\",\"dateModified\":\"2023-05-29T19:57:04+00:00\",\"breadcrumb\":{\"@id\":\"https:\/\/amimpianticn.com\/www\/antifurti\/#breadcrumb\"},\"inLanguage\":\"it-IT\",\"potentialAction\":[{\"@type\":\"ReadAction\",\"target\":[\"https:\/\/amimpianticn.com\/www\/antifurti\/\"]}]},{\"@type\":\"ImageObject\",\"inLanguage\":\"it-IT\",\"@id\":\"https:\/\/amimpianticn.com\/www\/antifurti\/#primaryimage\",\"url\":\"https:\/\/amimpianticn.com\/images\/antifurto\/afpe_bif.jpg\",\"contentUrl\":\"https:\/\/amimpianticn.com\/images\/antifurto\/afpe_bif.jpg\"},{\"@type\":\"BreadcrumbList\",\"@id\":\"https:\/\/amimpianticn.com\/www\/antifurti\/#breadcrumb\",\"itemListElement\":[{\"@type\":\"ListItem\",\"position\":1,\"name\":\"Home\",\"item\":\"https:\/\/amimpianticn.com\/www\/\"},{\"@type\":\"ListItem\",\"position\":2,\"name\":\"Antifurti\"}]},{\"@type\":\"WebSite\",\"@id\":\"https:\/\/amimpianticn.com\/www\/#website\",\"url\":\"https:\/\/amimpianticn.com\/www\/\",\"name\":\"AM Impianti, Caraglio (Cuneo)\",\"description\":\"Antifurti \u00b7 Videocontrollo\",\"publisher\":{\"@id\":\"https:\/\/amimpianticn.com\/www\/#organization\"},\"potentialAction\":[{\"@type\":\"SearchAction\",\"target\":{\"@type\":\"EntryPoint\",\"urlTemplate\":\"https:\/\/amimpianticn.com\/www\/?s={search_term_string}\"},\"query-input\":{\"@type\":\"PropertyValueSpecification\",\"valueRequired\":true,\"valueName\":\"search_term_string\"}}],\"inLanguage\":\"it-IT\"},{\"@type\":\"Organization\",\"@id\":\"https:\/\/amimpianticn.com\/www\/#organization\",\"name\":\"AM Impianti, Caraglio (Cuneo)\",\"url\":\"https:\/\/amimpianticn.com\/www\/\",\"logo\":{\"@type\":\"ImageObject\",\"inLanguage\":\"it-IT\",\"@id\":\"https:\/\/amimpianticn.com\/www\/#\/schema\/logo\/image\/\",\"url\":\"https:\/\/amimpianticn.com\/www\/wp-content\/uploads\/2020\/07\/cropped-logo_amimpianti_white-2.png\",\"contentUrl\":\"https:\/\/amimpianticn.com\/www\/wp-content\/uploads\/2020\/07\/cropped-logo_amimpianti_white-2.png\",\"width\":580,\"height\":229,\"caption\":\"AM Impianti, Caraglio (Cuneo)\"},\"image\":{\"@id\":\"https:\/\/amimpianticn.com\/www\/#\/schema\/logo\/image\/\"}}]}<\/script>\n<!-- \/ Yoast SEO plugin. -->","yoast_head_json":{"title":"Antifurti - AM Impianti, Caraglio (Cuneo)","robots":{"index":"index","follow":"follow","max-snippet":"max-snippet:-1","max-image-preview":"max-image-preview:large","max-video-preview":"max-video-preview:-1"},"canonical":"https:\/\/amimpianticn.com\/www\/antifurti\/","og_locale":"it_IT","og_type":"article","og_title":"Antifurti - AM Impianti, Caraglio (Cuneo)","og_description":"La protezione perimetrale esterna Gli impianti antifurto perimetrali sono progettati per impedire l\u2019ingresso e, in taluni casi, anche il solo avvicinamento all\u2019area protetta. Sono molto adatti soprattutto alla protezione di edifici isolati come case coloniche, ville, condomini, capannoni industriali, eventualmente circondati da terreni (giardini, prati, parchi di propriet\u00e0). Lo scopo dell\u2019antifurto perimetrale e di una&hellip; Leggi tutto","og_url":"https:\/\/amimpianticn.com\/www\/antifurti\/","og_site_name":"AM Impianti, Caraglio (Cuneo)","article_modified_time":"2023-05-29T19:57:04+00:00","og_image":[{"url":"https:\/\/amimpianticn.com\/images\/antifurto\/afpe_bif.jpg","type":"","width":"","height":""}],"twitter_card":"summary_large_image","twitter_misc":{"Tempo di lettura stimato":"6 minuti"},"schema":{"@context":"https:\/\/schema.org","@graph":[{"@type":"WebPage","@id":"https:\/\/amimpianticn.com\/www\/antifurti\/","url":"https:\/\/amimpianticn.com\/www\/antifurti\/","name":"Antifurti - AM Impianti, Caraglio (Cuneo)","isPartOf":{"@id":"https:\/\/amimpianticn.com\/www\/#website"},"primaryImageOfPage":{"@id":"https:\/\/amimpianticn.com\/www\/antifurti\/#primaryimage"},"image":{"@id":"https:\/\/amimpianticn.com\/www\/antifurti\/#primaryimage"},"thumbnailUrl":"https:\/\/amimpianticn.com\/images\/antifurto\/afpe_bif.jpg","datePublished":"2012-04-20T21:06:08+00:00","dateModified":"2023-05-29T19:57:04+00:00","breadcrumb":{"@id":"https:\/\/amimpianticn.com\/www\/antifurti\/#breadcrumb"},"inLanguage":"it-IT","potentialAction":[{"@type":"ReadAction","target":["https:\/\/amimpianticn.com\/www\/antifurti\/"]}]},{"@type":"ImageObject","inLanguage":"it-IT","@id":"https:\/\/amimpianticn.com\/www\/antifurti\/#primaryimage","url":"https:\/\/amimpianticn.com\/images\/antifurto\/afpe_bif.jpg","contentUrl":"https:\/\/amimpianticn.com\/images\/antifurto\/afpe_bif.jpg"},{"@type":"BreadcrumbList","@id":"https:\/\/amimpianticn.com\/www\/antifurti\/#breadcrumb","itemListElement":[{"@type":"ListItem","position":1,"name":"Home","item":"https:\/\/amimpianticn.com\/www\/"},{"@type":"ListItem","position":2,"name":"Antifurti"}]},{"@type":"WebSite","@id":"https:\/\/amimpianticn.com\/www\/#website","url":"https:\/\/amimpianticn.com\/www\/","name":"AM Impianti, Caraglio (Cuneo)","description":"Antifurti \u00b7 Videocontrollo","publisher":{"@id":"https:\/\/amimpianticn.com\/www\/#organization"},"potentialAction":[{"@type":"SearchAction","target":{"@type":"EntryPoint","urlTemplate":"https:\/\/amimpianticn.com\/www\/?s={search_term_string}"},"query-input":{"@type":"PropertyValueSpecification","valueRequired":true,"valueName":"search_term_string"}}],"inLanguage":"it-IT"},{"@type":"Organization","@id":"https:\/\/amimpianticn.com\/www\/#organization","name":"AM Impianti, Caraglio (Cuneo)","url":"https:\/\/amimpianticn.com\/www\/","logo":{"@type":"ImageObject","inLanguage":"it-IT","@id":"https:\/\/amimpianticn.com\/www\/#\/schema\/logo\/image\/","url":"https:\/\/amimpianticn.com\/www\/wp-content\/uploads\/2020\/07\/cropped-logo_amimpianti_white-2.png","contentUrl":"https:\/\/amimpianticn.com\/www\/wp-content\/uploads\/2020\/07\/cropped-logo_amimpianti_white-2.png","width":580,"height":229,"caption":"AM Impianti, Caraglio (Cuneo)"},"image":{"@id":"https:\/\/amimpianticn.com\/www\/#\/schema\/logo\/image\/"}}]}},"_links":{"self":[{"href":"https:\/\/amimpianticn.com\/www\/wp-json\/wp\/v2\/pages\/6","targetHints":{"allow":["GET"]}}],"collection":[{"href":"https:\/\/amimpianticn.com\/www\/wp-json\/wp\/v2\/pages"}],"about":[{"href":"https:\/\/amimpianticn.com\/www\/wp-json\/wp\/v2\/types\/page"}],"author":[{"embeddable":true,"href":"https:\/\/amimpianticn.com\/www\/wp-json\/wp\/v2\/users\/1"}],"replies":[{"embeddable":true,"href":"https:\/\/amimpianticn.com\/www\/wp-json\/wp\/v2\/comments?post=6"}],"version-history":[{"count":1,"href":"https:\/\/amimpianticn.com\/www\/wp-json\/wp\/v2\/pages\/6\/revisions"}],"predecessor-version":[{"id":278,"href":"https:\/\/amimpianticn.com\/www\/wp-json\/wp\/v2\/pages\/6\/revisions\/278"}],"wp:attachment":[{"href":"https:\/\/amimpianticn.com\/www\/wp-json\/wp\/v2\/media?parent=6"}],"curies":[{"name":"wp","href":"https:\/\/api.w.org\/{rel}","templated":true}]}}