{"id":41,"date":"2016-05-13T13:04:21","date_gmt":"2016-05-13T11:04:21","guid":{"rendered":"http:\/\/amimpianticn.com\/www\/?page_id=41"},"modified":"2021-01-29T21:30:58","modified_gmt":"2021-01-29T19:30:58","slug":"richiesta-preventivo","status":"publish","type":"page","link":"https:\/\/amimpianticn.com\/www\/richiesta-preventivo\/","title":{"rendered":"Richiesta di preventivo"},"content":{"rendered":"\n<div class=\"wpcf7 no-js\" id=\"wpcf7-f212-o1\" lang=\"it-IT\" dir=\"ltr\" data-wpcf7-id=\"212\">\n<div class=\"screen-reader-response\"><p role=\"status\" aria-live=\"polite\" aria-atomic=\"true\"><\/p> <ul><\/ul><\/div>\n<form action=\"\/www\/wp-json\/wp\/v2\/pages\/41#wpcf7-f212-o1\" method=\"post\" class=\"wpcf7-form init\" aria-label=\"Modulo di contatto\" novalidate=\"novalidate\" data-status=\"init\">\n<div style=\"display: none;\">\n<input type=\"hidden\" name=\"_wpcf7\" value=\"212\" \/>\n<input type=\"hidden\" name=\"_wpcf7_version\" value=\"6.0.6\" \/>\n<input type=\"hidden\" name=\"_wpcf7_locale\" value=\"it_IT\" \/>\n<input type=\"hidden\" name=\"_wpcf7_unit_tag\" value=\"wpcf7-f212-o1\" \/>\n<input type=\"hidden\" name=\"_wpcf7_container_post\" value=\"0\" \/>\n<input type=\"hidden\" name=\"_wpcf7_posted_data_hash\" value=\"\" \/>\n<\/div>\n<p><label>Nome Cognome<br \/>\n<span class=\"wpcf7-form-control-wrap\" data-name=\"nomecognome\"><input size=\"40\" maxlength=\"400\" class=\"wpcf7-form-control wpcf7-text wpcf7-validates-as-required\" aria-required=\"true\" aria-invalid=\"false\" value=\"\" type=\"text\" name=\"nomecognome\" \/><\/span> <\/label>\n<\/p>\n<p><label> E-mail<br \/>\n<span class=\"wpcf7-form-control-wrap\" data-name=\"email\"><input size=\"40\" maxlength=\"400\" class=\"wpcf7-form-control wpcf7-email wpcf7-validates-as-required wpcf7-text wpcf7-validates-as-email\" aria-required=\"true\" aria-invalid=\"false\" value=\"\" type=\"email\" name=\"email\" \/><\/span> <\/label>\n<\/p>\n<p><label> Oggetto<br \/>\n<span class=\"wpcf7-form-control-wrap\" data-name=\"oggetto\"><input size=\"40\" maxlength=\"400\" class=\"wpcf7-form-control wpcf7-text wpcf7-validates-as-required\" aria-required=\"true\" aria-invalid=\"false\" value=\"\" type=\"text\" name=\"oggetto\" \/><\/span> <\/label>\n<\/p>\n<p><label> Messaggio<br \/>\n<span class=\"wpcf7-form-control-wrap\" data-name=\"messaggio\"><textarea cols=\"40\" rows=\"10\" maxlength=\"2000\" class=\"wpcf7-form-control wpcf7-textarea\" aria-invalid=\"false\" name=\"messaggio\"><\/textarea><\/span> <\/label>\n<\/p>\n\n<!--googleoff: index-->\n<p><span style=\"color:#000; font-size:0.7em; line-height:normal;\"><b>NORMA SULLA PRIVACY<\/b><br \/>\nAM Impianti di Caraglio (CN) tratter\u00e0 i dati del Cliente con discrezione e nel rispetto degli obblighi del Regolamento EU 2016\/679 (GDPR). Secondo la normativa indicata, tale trattamento sar\u00e0 improntato ai principi di correttezza, di liceit\u00e0, di trasparenza e di tutela della riservatezza e dei diritti del Cliente. I dati non saranno comunicati a terze parti, e saranno soltanto utilizzati per le finalit\u00e0 connesse alla propria attivit\u00e0 di noleggio auto con conducente, incluse eventuali iniziative promozionali. In qualsiasi momento il Cliente potr\u00e0 esercitare il diritto di modificare, di integrare o di richiedere la cancellazione dei suoi dati, facendone richiesta via mail a info@amimpianticn.com.<br \/>\n<span style=\"color:#FF0000;\"><b>Inviando il mail, il Cliente acconsente al trattamento dei propri dati.<\/b><\/span><br \/>\n<span class=\"wpcf7-form-control-wrap\" data-name=\"acceptance-privacy\"><span class=\"wpcf7-form-control wpcf7-acceptance\"><span class=\"wpcf7-list-item\"><label><input type=\"checkbox\" name=\"acceptance-privacy\" value=\"1\" aria-invalid=\"false\" \/><span class=\"wpcf7-list-item-label\">S\u00ec, acconsento al trattamento dei miei dati.<\/span><\/label><\/span><\/span><\/span><br \/>\n<input class=\"wpcf7-form-control wpcf7-submit has-spinner\" type=\"submit\" value=\"Invio\" \/><\/span><br \/>\n<!--googleon: index-->\n<\/p><div class=\"wpcf7-response-output\" aria-hidden=\"true\"><\/div>\n<\/form>\n<\/div>\n\n","protected":false},"excerpt":{"rendered":"","protected":false},"author":1,"featured_media":0,"parent":0,"menu_order":0,"comment_status":"closed","ping_status":"closed","template":"","meta":{"footnotes":"","_links_to":"","_links_to_target":""},"class_list":["post-41","page","type-page","status-publish","hentry"],"yoast_head":"<!-- This site is optimized with the Yoast SEO plugin v25.0 - https:\/\/yoast.com\/wordpress\/plugins\/seo\/ -->\n<title>Richiesta di preventivo - AM Impianti, Caraglio (Cuneo)<\/title>\n<meta name=\"robots\" content=\"index, follow, max-snippet:-1, max-image-preview:large, max-video-preview:-1\" \/>\n<link rel=\"canonical\" href=\"https:\/\/amimpianticn.com\/www\/richiesta-preventivo\/\" \/>\n<meta property=\"og:locale\" content=\"it_IT\" \/>\n<meta property=\"og:type\" content=\"article\" \/>\n<meta property=\"og:title\" content=\"Richiesta di preventivo - AM Impianti, Caraglio (Cuneo)\" \/>\n<meta property=\"og:url\" content=\"https:\/\/amimpianticn.com\/www\/richiesta-preventivo\/\" \/>\n<meta property=\"og:site_name\" content=\"AM Impianti, Caraglio (Cuneo)\" \/>\n<meta property=\"article:modified_time\" content=\"2021-01-29T19:30:58+00:00\" \/>\n<meta name=\"twitter:card\" content=\"summary_large_image\" \/>\n<script type=\"application\/ld+json\" class=\"yoast-schema-graph\">{\"@context\":\"https:\/\/schema.org\",\"@graph\":[{\"@type\":\"WebPage\",\"@id\":\"https:\/\/amimpianticn.com\/www\/richiesta-preventivo\/\",\"url\":\"https:\/\/amimpianticn.com\/www\/richiesta-preventivo\/\",\"name\":\"Richiesta di preventivo - AM Impianti, Caraglio (Cuneo)\",\"isPartOf\":{\"@id\":\"https:\/\/amimpianticn.com\/www\/#website\"},\"datePublished\":\"2016-05-13T11:04:21+00:00\",\"dateModified\":\"2021-01-29T19:30:58+00:00\",\"breadcrumb\":{\"@id\":\"https:\/\/amimpianticn.com\/www\/richiesta-preventivo\/#breadcrumb\"},\"inLanguage\":\"it-IT\",\"potentialAction\":[{\"@type\":\"ReadAction\",\"target\":[\"https:\/\/amimpianticn.com\/www\/richiesta-preventivo\/\"]}]},{\"@type\":\"BreadcrumbList\",\"@id\":\"https:\/\/amimpianticn.com\/www\/richiesta-preventivo\/#breadcrumb\",\"itemListElement\":[{\"@type\":\"ListItem\",\"position\":1,\"name\":\"Home\",\"item\":\"https:\/\/amimpianticn.com\/www\/\"},{\"@type\":\"ListItem\",\"position\":2,\"name\":\"Richiesta di preventivo\"}]},{\"@type\":\"WebSite\",\"@id\":\"https:\/\/amimpianticn.com\/www\/#website\",\"url\":\"https:\/\/amimpianticn.com\/www\/\",\"name\":\"AM Impianti, Caraglio (Cuneo)\",\"description\":\"Antifurti \u00b7 Videocontrollo\",\"publisher\":{\"@id\":\"https:\/\/amimpianticn.com\/www\/#organization\"},\"potentialAction\":[{\"@type\":\"SearchAction\",\"target\":{\"@type\":\"EntryPoint\",\"urlTemplate\":\"https:\/\/amimpianticn.com\/www\/?s={search_term_string}\"},\"query-input\":{\"@type\":\"PropertyValueSpecification\",\"valueRequired\":true,\"valueName\":\"search_term_string\"}}],\"inLanguage\":\"it-IT\"},{\"@type\":\"Organization\",\"@id\":\"https:\/\/amimpianticn.com\/www\/#organization\",\"name\":\"AM Impianti, Caraglio (Cuneo)\",\"url\":\"https:\/\/amimpianticn.com\/www\/\",\"logo\":{\"@type\":\"ImageObject\",\"inLanguage\":\"it-IT\",\"@id\":\"https:\/\/amimpianticn.com\/www\/#\/schema\/logo\/image\/\",\"url\":\"https:\/\/amimpianticn.com\/www\/wp-content\/uploads\/2020\/07\/cropped-logo_amimpianti_white-2.png\",\"contentUrl\":\"https:\/\/amimpianticn.com\/www\/wp-content\/uploads\/2020\/07\/cropped-logo_amimpianti_white-2.png\",\"width\":580,\"height\":229,\"caption\":\"AM Impianti, Caraglio (Cuneo)\"},\"image\":{\"@id\":\"https:\/\/amimpianticn.com\/www\/#\/schema\/logo\/image\/\"}}]}<\/script>\n<!-- \/ Yoast SEO plugin. -->","yoast_head_json":{"title":"Richiesta di preventivo - AM Impianti, Caraglio (Cuneo)","robots":{"index":"index","follow":"follow","max-snippet":"max-snippet:-1","max-image-preview":"max-image-preview:large","max-video-preview":"max-video-preview:-1"},"canonical":"https:\/\/amimpianticn.com\/www\/richiesta-preventivo\/","og_locale":"it_IT","og_type":"article","og_title":"Richiesta di preventivo - AM Impianti, Caraglio (Cuneo)","og_url":"https:\/\/amimpianticn.com\/www\/richiesta-preventivo\/","og_site_name":"AM Impianti, Caraglio (Cuneo)","article_modified_time":"2021-01-29T19:30:58+00:00","twitter_card":"summary_large_image","schema":{"@context":"https:\/\/schema.org","@graph":[{"@type":"WebPage","@id":"https:\/\/amimpianticn.com\/www\/richiesta-preventivo\/","url":"https:\/\/amimpianticn.com\/www\/richiesta-preventivo\/","name":"Richiesta di preventivo - AM Impianti, Caraglio (Cuneo)","isPartOf":{"@id":"https:\/\/amimpianticn.com\/www\/#website"},"datePublished":"2016-05-13T11:04:21+00:00","dateModified":"2021-01-29T19:30:58+00:00","breadcrumb":{"@id":"https:\/\/amimpianticn.com\/www\/richiesta-preventivo\/#breadcrumb"},"inLanguage":"it-IT","potentialAction":[{"@type":"ReadAction","target":["https:\/\/amimpianticn.com\/www\/richiesta-preventivo\/"]}]},{"@type":"BreadcrumbList","@id":"https:\/\/amimpianticn.com\/www\/richiesta-preventivo\/#breadcrumb","itemListElement":[{"@type":"ListItem","position":1,"name":"Home","item":"https:\/\/amimpianticn.com\/www\/"},{"@type":"ListItem","position":2,"name":"Richiesta di preventivo"}]},{"@type":"WebSite","@id":"https:\/\/amimpianticn.com\/www\/#website","url":"https:\/\/amimpianticn.com\/www\/","name":"AM Impianti, Caraglio (Cuneo)","description":"Antifurti \u00b7 Videocontrollo","publisher":{"@id":"https:\/\/amimpianticn.com\/www\/#organization"},"potentialAction":[{"@type":"SearchAction","target":{"@type":"EntryPoint","urlTemplate":"https:\/\/amimpianticn.com\/www\/?s={search_term_string}"},"query-input":{"@type":"PropertyValueSpecification","valueRequired":true,"valueName":"search_term_string"}}],"inLanguage":"it-IT"},{"@type":"Organization","@id":"https:\/\/amimpianticn.com\/www\/#organization","name":"AM Impianti, Caraglio (Cuneo)","url":"https:\/\/amimpianticn.com\/www\/","logo":{"@type":"ImageObject","inLanguage":"it-IT","@id":"https:\/\/amimpianticn.com\/www\/#\/schema\/logo\/image\/","url":"https:\/\/amimpianticn.com\/www\/wp-content\/uploads\/2020\/07\/cropped-logo_amimpianti_white-2.png","contentUrl":"https:\/\/amimpianticn.com\/www\/wp-content\/uploads\/2020\/07\/cropped-logo_amimpianti_white-2.png","width":580,"height":229,"caption":"AM Impianti, Caraglio (Cuneo)"},"image":{"@id":"https:\/\/amimpianticn.com\/www\/#\/schema\/logo\/image\/"}}]}},"_links":{"self":[{"href":"https:\/\/amimpianticn.com\/www\/wp-json\/wp\/v2\/pages\/41","targetHints":{"allow":["GET"]}}],"collection":[{"href":"https:\/\/amimpianticn.com\/www\/wp-json\/wp\/v2\/pages"}],"about":[{"href":"https:\/\/amimpianticn.com\/www\/wp-json\/wp\/v2\/types\/page"}],"author":[{"embeddable":true,"href":"https:\/\/amimpianticn.com\/www\/wp-json\/wp\/v2\/users\/1"}],"replies":[{"embeddable":true,"href":"https:\/\/amimpianticn.com\/www\/wp-json\/wp\/v2\/comments?post=41"}],"version-history":[{"count":0,"href":"https:\/\/amimpianticn.com\/www\/wp-json\/wp\/v2\/pages\/41\/revisions"}],"wp:attachment":[{"href":"https:\/\/amimpianticn.com\/www\/wp-json\/wp\/v2\/media?parent=41"}],"curies":[{"name":"wp","href":"https:\/\/api.w.org\/{rel}","templated":true}]}}